the highest common divisor of d and 104?
13
Let c = -1 + 1. Suppose -3*j + c*j + 10 = 2*o, 0 = -2*j - 3*o. Calculate the highest common factor of j and 6.
6
Suppose -6*k + 22 = -2*k + 2*c, 14 = 3*k + c. Suppose -b = -k, 4*b - 717 = 5*v - 175. Let q = -62 - v. What is the highest common divisor of q and 4?
4
Suppose -342 = -8*h - h. What is the greatest common factor of h and 266?
38
Suppose 0 = 3*w - 5 - 1. Suppose 288 = 6*c - w*c. Calculate the highest common divisor of c and 8.
8
Let b be 94/(2 - (1 - 1)). Suppose -n - 17 = -b. Suppose 5*w + 2*h - 40 = 3*w, -n = -w - 3*h. What is the greatest common divisor of w and 60?
15
Let g = -10 + 13. Let m be 1*5/3*g. Calculate the highest common divisor of m and 20.
5
Let s = -6 - -8. Let w be ((-2)/3)/(s/(-3)). Calculate the greatest common factor of 3 and w.
1
Let u be (-6)/(-4) - (-18)/(-12). Suppose -m = c - 43, 0 = -u*m - 2*m - 4. Calculate the greatest common factor of 18 and c.
9
Let y = 16 - -6. Let h = y - 5. Calculate the highest common factor of 68 and h.
17
Let d(j) = -j + 6. Let n be d(12). Let l = n + 13. Calculate the greatest common divisor of 49 and l.
7
Let w = 85 - 51. Suppose 0 = -0*d + 3*d - 2*u - 155, d - 5*u = 56. What is the greatest common divisor of w and d?
17
Suppose -3*b + 245 - 44 = 0. Let i = b - 32. Let r = 13 + 1. Calculate the greatest common divisor of i and r.
7
Suppose -p - 2 = 3*d, -5*p + 6 + 2 = -3*d. Let w be p*195 + 1 + -1. Suppose 0*j = 4*j + 5*c - w, -5 = c. What is the highest common factor of 5 and j?
5
Let t(l) = -l**2 + 7*l + 13. Let k be t(8). Suppose -4*o + 59 = k*f, 2*o = -3*f + f + 28. What is the highest common divisor of 33 and o?
11
Suppose 0 = -0*t + 3*t - 15. Suppose 64 = -h + t*h. Calculate the highest common divisor of h and 24.
8
Suppose -7*r = -4*r - 186. Calculate the greatest common factor of r and 2.
2
Let a(x) = x - 5. Let l be a(7). Suppose 70 = l*v - v. What is the highest common factor of v and 10?
10
Let x(g) = 5*g**2 - 11*g + 14. Let o be x(-7). What is the greatest common divisor of 12 and o?
12
Suppose 0 = -4*i - 8, -4*o - 2*i = -3*o - 36. Let m = 18 - 10. What is the greatest common factor of m and o?
8
Let s be 5 - 3*4/12. Calculate the greatest common factor of s and 16.
4
Suppose 4*u = -5*r - 2, 0 = 2*u + u + 2*r - 2. Suppose -u*x + 60 = -x. Calculate the highest common divisor of 12 and x.
12
Let k = 13 + -1. Let l be (-1)/(-3) + (-3)/9. Suppose l = 4*t - 38 - 10. Calculate the highest common divisor of t and k.
12
Let n = 104 + -188. Let y = -110 - 18. Let s = n - y. What is the greatest common factor of 4 and s?
4
Let l(x) = -x - 2. Let n be l(-6). Suppose 3*a - n = 20. What is the greatest common factor of a and 40?
8
Let b(j) = j**2 - 5*j - 8. Let v be b(-8). Calculate the greatest common divisor of 12 and v.
12
Let p = -5 + 15. Let i be 2/(-4) - (-365)/p. Let c = 28 - 16. What is the highest common factor of c and i?
12
Let q(d) be the second derivative of -d**5/20 + d**4/2 + 3*d**3/2 + 3*d**2 + d. Let z be q(7). Calculate the greatest common divisor of z and 20.
20
Let b be -1 + 3 + 9/3. Suppose -4*a + 2*a + 10 = 0, -b*a = -g + 3. Let q = g - -16. What is the greatest common divisor of 66 and q?
22
Suppose 0 = -3*c - 2*r + 60, -2 = c - r - 22. Suppose 0 = -0*m - 5*m + 25. What is the highest common divisor of c and m?
5
Suppose -5*r + 0*g + 5*g = 0, 5*r = g. Let o = r + 15. What is the highest common factor of 60 and o?
15
Let i = 48 + 36. Let l = -110 - -122. What is the highest common factor of l and i?
12
Suppose 0 = -o - 4*o + 5. Let d be (-2)/(o/(-8) - 0). What is the highest common factor of 8 and d?
8
Let b be (-6)/(2 - (-10)/(-8)). Let t = b + 11. Suppose -2 - t = -k. Calculate the highest common divisor of 5 and k.
5
Let m = 15 - 3. Let t(o) = 4*o. Let n be t(6). What is the greatest common divisor of m and n?
12
Suppose 4*u = 2*u + 10. Suppose -25 = -u*v + 165. Suppose 4*j = 2*g + 6*j - v, -5*g + 55 = -3*j. What is the highest common factor of g and 28?
14
Suppose 4*z - 16 - 10 = -3*a, -z = 1. Calculate the highest common divisor of a and 10.
10
Suppose d - 5 = -9. Let h be (12/(-10))/(d/10). Suppose h*z + 206 = 542. Calculate the greatest common factor of z and 14.
14
Let f(p) = p + 64. Let t be f(-23). What is the greatest common factor of 123 and t?
41
Let o be (-4)/(-10) - (-115)/25. Calculate the greatest common divisor of 15 and o.
5
Suppose 14*x - 10*x - 300 = 0. Calculate the highest common factor of x and 30.
15
Suppose 4*p - 296 = -4*w, -4*p = -14*w + 17*w - 292. Calculate the highest common factor of 20 and p.
10
Let k(q) = 8*q**2 + 2*q - 2. Let a be k(-2). Let z = -233 - -363. What is the greatest common factor of a and z?
26
Let f = -3 - -6. Let y = 2 + f. Calculate the greatest common factor of 5 and y.
5
Let a = 8 + -7. Calculate the highest common divisor of a and 2.
1
Let c(a) = 6*a - 66. Let l be c(14). Calculate the greatest common divisor of 8 and l.
2
Let p be -2 + 3 - (-60 - 1). Let t = p - 44. Calculate the highest common divisor of t and 2.
2
Suppose -13 + 85 = 3*r. Suppose t - 6 = -2*v - 2, t = -3*v + 3. What is the greatest common factor of t and r?
6
Suppose 6*r - 8 = 2*r, r = 4*m - 38. Let h be 744/15 + 4/10. Calculate the greatest common divisor of m and h.
10
Suppose 2 + 31 = k. Calculate the greatest common factor of 132 and k.
33
Let t be 4/(-10) - 703/(-95). What is the highest common divisor of t and 21?
7
Let l be (3 - 2) + -2 - 3. Let v = 5 + l. Calculate the greatest common factor of 11 and v.
1
Suppose -2*y + y = 0. Suppose d - 3*d - 4*q = -14, 2*d + 3*q - 11 = y. What is the greatest common factor of d and 5?
1
Suppose 0 = 2*j - 29 - 61. What is the greatest common divisor of 30 and j?
15
Let i = -4 - -8. Let p(z) = 3*z - 5. Let o be p(i). What is the highest common divisor of 56 and o?
7
Suppose -h + 29 = 5*d, 6*d - 15 = 4*d + 3*h. Calculate the highest common factor of 4 and d.
2
Let r(x) = 2*x - 8. Let v be r(8). Calculate the greatest common divisor of v and 12.
4
Let b(o) = -24*o - 126. Let m be b(-6). What is the highest common factor of m and 18?
18
Let o(q) = 6*q - 60. Let g be o(11). Calculate the highest common factor of g and 102.
6
Let w(c) = -c**2 + 13*c + 31. Let x be w(13). Calculate the greatest common divisor of x and 279.
31
Suppose 2*j - u = -0*j + 7, 5 = j - u. Let y = 74 - 66. What is the greatest common divisor of y and j?
2
Suppose 5*j = r + 4*j - 7, -3*r + 5*j + 25 = 0. Let d be 1/r + 836/20. Calculate the greatest common factor of 21 and d.
21
Let x(j) = 2*j**2 - 2*j - 1. Let y be x(-1). Let z be (-4)/(-6) - (-142)/y. Let q(m) = -12*m**3. Let t be q(-1). What is the highest common divisor of z and t?
12
Let q(b) = b + 19. Let h be q(-9). Let m be 1536/10 - (-4)/h. Calculate the highest common factor of 22 and m.
22
Let c = 10 + 5. Calculate the greatest common factor of c and 60.
15
Suppose 4*c + 11 = 4*p + p, -5*c - 2*p = -11. Suppose j = -3*j - 8. Let q be 4/c*j/(-2). Calculate the highest common factor of q and 36.
4
Suppose -12 = -5*g + 4*s, -4*s - 10 - 2 = -4*g. Suppose g*w = -w + 10. Let f = -21 - -36. Calculate the greatest common factor of f and w.
5
Let v be (-3 - (-15)/6)*-4. Let d = v + -6. Let f be d/16 + (-90)/(-8). What is the highest common factor of 1 and f?
1
Suppose 2 = -5*s - 3. Let u be 1 + (0 - (-1 + s)). Calculate the highest common divisor of 2 and u.
1
Let k be -134*(-114)/48 + 6/8. What is the greatest common factor of 29 and k?
29
Suppose -5*i + 12 = -i. Let l be 2 + 9 - ((0 - 1) + 3). Calculate the greatest common divisor of i and l.
3
Suppose 11 + 17 = 7*f. Calculate the highest common divisor of 100 and f.
4
Let g(n) = -n + 40. Let o be g(12). What is the greatest common factor of o and 4?
4
Suppose 5*s - 69 = -3*b, 5*s - 47 = -2*b + 2*s. Calculate the greatest common factor of 70 and b.
14
Suppose 2*m + 3*c = -2*c + 82, -5*m + 263 = -2*c. Let n = -26 + m. Calculate the greatest common factor of n and 10.
5
Let g be 25 - (-2)/(-3 - -2). Calculate the highest common factor of g and 46.
23
Let h = 127 + -91. What is the highest common factor of h and 18?
18
Let h be (2 - 0)*(-7)/(-2). Suppose 13 = 4*y - h. What is the highest common factor of 1 and y?
1
Let k = 5 + 2. Let o(d) = d**3 + 8*d**2 + 1. Let a be o(-8). Ca